atest common factor of a and 342.
38
Let m be (-43498)/(-49) - ((-48)/21 - 1*-2). Calculate the greatest common factor of m and 48.
24
Suppose 3*x = 5*i + 5026, 0 = -x - 4*i + 536 + 1145. Calculate the highest common divisor of 13 and x.
13
Suppose -16 = -4*d + 160. Let m be ((-156)/51 - 0) + 3 + 615000/27880. Calculate the greatest common divisor of d and m.
22
Suppose -27 = -27*i - 0. Let u(h) = 3*h**3 + 18*h**2 + 2. Let m be u(-6). Calculate the greatest common divisor of m and i.
1
Suppose -4*s + 2*s + 2*j + 2 = 0, -5*j + 4 = -2*s. Suppose -z = z - s*r - 341, -9 = -3*r. Calculate the highest common divisor of z and 25.
25
Let z be 520/14 - 2/14. Let m(l) = 6*l**2 - 3*l + z - 42 + 7*l. Let x be m(2). Calculate the greatest common factor of x and 135.
27
Suppose -382 = -2*b - 2*r, -5*b + 8*b - r - 585 = 0. Let o = b + -111. Suppose 6*y - 115 = o. Calculate the greatest common factor of 44 and y.
11
Let o(d) = 162*d**2 + 7*d - 3. Let a be o(4). Suppose -4546 = -29*m + a. Calculate the highest common divisor of m and 38.
19
Let h(d) be the third derivative of 5*d**2 - 7/24*d**4 + 0 + 0*d + 4/3*d**3. Let t be h(-11). Calculate the greatest common divisor of 34 and t.
17
Let n = -2 - -5. Let m(b) = -12 + 6*b**2 + b**3 - 2*b**n + b + 0*b**3. Let v be m(4). What is the highest common divisor of v and 36?
12
Let n(x) = 21 - 36 + 9*x - 22 - 35 - 54. Let r be n(18). What is the highest common factor of 32 and r?
4
Suppose -431*i + 434*i = 4473. What is the highest common factor of i and 21?
21
Suppose -2*h + 140 = 3*h. Suppose 0 = -4*a - 3*q + 490, a + 5*q - 55 - 59 = 0. Suppose -6*v + 1388 = -a. What is the highest common divisor of h and v?
28
Let u = -2010 - -5205. Calculate the highest common divisor of 45 and u.
45
Let x = 1407 - -2090. What is the greatest common divisor of 39 and x?
13
Let m = 8214 - 7386. Calculate the greatest common factor of m and 54.
18
Let a(o) = 449*o + 3519. Let b be a(-7). Calculate the highest common factor of 104 and b.
8
Suppose -w - 8*w = -3078. Let r = w - 333. What is the greatest common factor of 117 and r?
9
Let k = 12 - 3. Let u(d) = -2*d - 4. Let w be u(k). Let s = w - -35. What is the highest common divisor of 39 and s?
13
Let i = -4617 - -5486. What is the highest common factor of i and 790?
79
Let r = -6993 + 7182. What is the greatest common divisor of 243 and r?
27
Let c(f) = -f**3 + 9*f**2 + 4*f - 18. Let y be c(8). Suppose 3*v - 6*v - 56 = -5*b, -3*b + v = -36. Calculate the greatest common factor of y and b.
13
Let m(c) = -c**3 - 3*c**2 + 3*c - 7. Let q be m(-4). Let w = q - -10. Let u = w - 5. What is the greatest common divisor of 8 and u?
2
Suppose 103*o + 1425 = 122*o. What is the greatest common factor of 12675 and o?
75
Let g(b) = 32*b**2 - 589*b + 24. Let t be g(24). Calculate the greatest common divisor of 64 and t.
32
Let i = -18 - -26. Let j = -8 + i. Suppose -3*g + 2*f + 2 + 167 = j, -5*g + 267 = 4*f. What is the greatest common divisor of g and 11?
11
Let q be ((-4)/(12/1))/1 - 1846/(-39). Calculate the greatest common factor of q and 2491.
47
Let o be (7 - 4)/((-3)/(-8)). Suppose 4*w - 2*l - 525 = 821, 0 = -3*l - 3. Calculate the greatest common divisor of w and o.
8
Let k(x) = 24*x + 92 + 0*x**3 - 2*x**3 + 2*x - 105 + 4*x - 10*x**2. Let s be k(-9). What is the highest common divisor of s and 292?
73
Let p be (-17)/(34/(-92)) - (2 - 2). Suppose -3*v = 2*q - 30, 5 = v + 4*q - 5*q. What is the greatest common divisor of v and p?
2
Let q be (11/4)/((-18)/(-144)) - -3. Suppose -57 = -2*i - q. Calculate the highest common factor of i and 64.
16
Suppose 1117*z = 1127*z - 10. What is the highest common divisor of z and 733?
1
Let l = 33 + -17. Suppose -5*t = l - 56. Let a(s) = 3*s - 16. Let f be a(t). Calculate the highest common divisor of 24 and f.
8
Suppose -4*x - 32 = -2*v, 2*v - 46 = -14*x + 11*x. Let u be (-4)/v - (-5)/25*151. Calculate the highest common divisor of 80 and u.
10
Let x be 2/(-11) + (-1462)/187. Let r(w) = -w**3 - 8*w**2 - w - 6. Let t be r(x). Let h be 9*(6 + -4)*t/4. What is the highest common factor of 45 and h?
9
Let a(g) = 8*g - 3. Let u be a(2). Suppose 0 = 4*w - 6*w - 3*w. Suppose w = 4*m + 5*m - 117. Calculate the greatest common divisor of u and m.
13
Suppose -3*o - 654 = -0*f - 3*f, 0 = -2*f - o + 427. Let v = 471 - f. Calculate the highest common divisor of v and 64.
64
Let b(o) = -14*o - 10*o - 8*o + 31*o + 26. Let v be b(-13). Let j be (-104)/(-5)*55/22. What is the greatest common factor of j and v?
13
Let d = -9949 - -9963. Calculate the highest common divisor of d and 274.
2
Let x(m) = 16*m**2 + 4*m + 4. Let u(g) = -9*g**3 + g + 2. Let l be u(-1). Suppose 0 = 5*t + l - 0. Let y be x(t). What is the highest common factor of 20 and y?
20
Let v = -43005 - -78551. What is the greatest common factor of 14 and v?
14
Suppose 162 = 2*c - 286. Let y be (-93 + (-870)/(-30))/(0 + -2). Calculate the greatest common factor of y and c.
32
Let u = 9 - 4. Suppose -3*d = 1016 - 1121. What is the greatest common divisor of d and u?
5
Suppose -6*m + 2970 = 16*m. Let a = m - 122. What is the highest common divisor of 208 and a?
13
Suppose -8*h + 741 = -555. What is the highest common factor of h and 6102?
54
Suppose 2*q - 2 = -i + 27, 5*q - 66 = 4*i. Let v = 44 - q. Suppose -2*h + 13 = f, 0 = 4*h + 3*f - v + 9. Calculate the greatest common divisor of 81 and h.
9
Suppose 11*a = 15*a - 132. Let d(w) = -w**2 - 4*w + 448. Let t be d(19). What is the greatest common divisor of a and t?
11
Let l = 9560 + -9556. Calculate the highest common factor of l and 17.
1
Suppose 82 = 2*h - 16*q + 17*q, -2*h = -3*q - 74. Suppose x + 4*p = 99 - h, 4*x - 198 = 3*p. Calculate the highest common divisor of x and 102.
51
Suppose 4*c + 6 = -2*d, 4*d = -6*c + c - 3. Let f(u) = 20*u**2 - 8*u + 5. Let z be f(d). What is the greatest common factor of 69 and z?
23
Suppose -4 - 2 = -3*t + 4*m, -4*m = -5*t + 10. Suppose t*i - 247 = -131. Calculate the highest common factor of 29 and i.
29
Suppose 3*a + 114 = 534. What is the greatest common divisor of 20 and a?
20
Let z be (-43)/(-473) - (18/12 + 57042/(-44)). Let q = 19 - -16. Calculate the greatest common factor of q and z.
35
Let s be 1/(-1) + 15 + -584 - 0. Let h = s + 969. Calculate the greatest common divisor of h and 21.
21
Suppose -12130*l + 12177*l - 2632 = 0. Let x = 10 - 2. What is the greatest common factor of x and l?
8
Let q = 364 + -177. Let o be 3 - (8 - -2) - (-415 - -340). Calculate the greatest common divisor of q and o.
17
Let l(j) = 6*j**3 - 53*j**2 + 69*j - 622. Let w be l(15). What is the greatest common divisor of w and 34?
34
Suppose 22*g = 1517 + 793. Suppose -z = -3*y + 379, y + 0 = -5*z + g. What is the greatest common divisor of 5 and y?
5
Suppose -q - 28 = -7. Let f = q - -42. Let i = 19 - 12. Calculate the highest common divisor of f and i.
7
Let t be 96/(6 + 2) + 0. Calculate the greatest common factor of t and 148.
4
Suppose -45*g + 12*g = 16*g - 1911. Calculate the highest common factor of 1872 and g.
39
Let v(c) = 80*c - 9. Let s be 320/18 + (2 - 64/36). Let o = s - 15. Let i be v(o). Calculate the highest common divisor of 21 and i.
21
Let l(b) = -b**3 - 19*b**2 + 11*b + 122. Let r be l(-22). Calculate the greatest common factor of r and 36.
36
Suppose -5*t + 102 = -2*w - 516, 0 = 5*t - 5*w - 615. Calculate the highest common factor of 12 and t.
4
Let v = -3 - -8. Suppose v*s - 85 = 3*d, 1 = s + 3*d + 2. Let c(f) = -f**2 + 551*f - 4302. Let a be c(8). Calculate the highest common divisor of s and a.
14
Let i be -2 + 6 + 10/(-2) - -421. Suppose i = 10*h - 4*h. Calculate the greatest common factor of 30 and h.
10
Let s = -2093 + 2097. Suppose 3*x - 6 = c, -4*c = -3*x - 4 + 1. Suppose -w + 22 = c*t + w, 0 = 2*t + 5*w. What is the highest common factor of t and s?
2
Let i be (9/(-18))/((-2)/(-4)) - 94. Suppose -577 - 81 = 7*j. Let w = j - i. What is the highest common divisor of w and 9?
1
Let a = -3881 + 3944. What is the highest common factor of a and 504?
63
Suppose 112*f + 1200 = 117*f. Calculate the highest common factor of 132 and f.
12
Let z be (5/15)/(1/33) + -3. Suppose z*b - 15 = 97. Suppose b*h = 13*h + 11. Calculate the greatest common divisor of 55 and h.
11
Let l = -5405 + 5513. Calculate the greatest comm